late the highest common divisor of g and 15.
5
Suppose -444 - 153 = 3*i. Let w = i - -235. Calculate the greatest common divisor of w and 90.
18
Suppose 5*u + 8 + 27 = -4*t, -3*u - 2*t = 19. Let f be u - -11 - 4 - -4. Suppose 7*b - 86 - 82 = 0. What is the greatest common divisor of f and b?
8
Suppose -15*h = -3265 - 440. Suppose -5*s - 2*g = -h, -61 - 132 = -4*s + 3*g. Calculate the highest common factor of 49 and s.
49
Let f(j) = -j**3 - 9*j**2 + 2*j - 24. Let c be f(-10). Suppose 0 = 4*i + 2*r - 138, 5*i - r + 165 = 10*i. Calculate the highest common divisor of i and c.
8
Let g = -562 + 561. Let h be ((-921)/(-6) + -10)*(g - -3). Calculate the highest common factor of h and 14.
7
Let p be (-81)/((-6)/864*2). What is the highest common factor of 24 and p?
24
Let u be 164*(-29)/((-290)/40). Calculate the greatest common factor of u and 451.
41
Suppose i - 14 = -2*m, 4*m - 16 = i - 0. Suppose -4*y = i*q - 0*q - 216, 0 = -3*q + 4*y + 127. Let c = q - 32. What is the highest common factor of 17 and c?
17
Let v(k) = -k**3 - 12*k + 7. Let s(x) = 2*x**2 - 28*x + 20. Let l be s(13). Let w be v(l). Calculate the greatest common factor of 59 and w.
59
Let j(a) = 1333*a + 6686. Let q be j(5). Calculate the greatest common divisor of q and 79.
79
Let b(h) = h + 154. Let k be b(0). Let t = -203488 - -203576. What is the greatest common divisor of k and t?
22
Let o be (-575)/(-4) + 3/12. Suppose 2*j - 3 = 5*g, g + 3*g - 3*j + 1 = 0. Let k be 5 + 0 + 12 - 1/g. What is the greatest common factor of k and o?
18
Let p = -93 + 121. Let k = -522 + 718. Calculate the highest common divisor of p and k.
28
Let k be (1*54/(-5))/(6/(-80)). Let d = k - -211. Calculate the greatest common divisor of d and 142.
71
Suppose 25*h = 26*h - 311. Suppose -9*q - 77 = -h. What is the highest common factor of q and 2?
2
Let k = 16279 + -11329. What is the highest common factor of 198 and k?
198
Let t be -2*(2 + -1)*-5. Suppose -38*w + 2*w + 207 = -513. Calculate the greatest common divisor of t and w.
10
Let d be 2/6*(-5406)/8*-4. Suppose 8*i + d = 25*i. What is the highest common divisor of i and 371?
53
Let f(u) = -123*u - 5139. Let m be f(-51). Calculate the greatest common factor of m and 1863.
81
Let w be ((-40)/(-30))/((-1)/21). Let u = w + 30. Suppose 81 = 3*c - u*z, 2*c - 4*z = -3*c + 133. What is the highest common factor of c and 29?
29
Suppose k = -2*k + 2*k. Suppose k = 6*u + 42 - 120. Calculate the greatest common divisor of 169 and u.
13
Suppose 5*a = 5*h - 320, 61*h - 59*h + 2*a - 120 = 0. Calculate the greatest common divisor of 4464 and h.
62
Let d(m) = 2*m**2 + 17*m. Let p be d(-9). Let u(f) = f + 9*f**2 - p - 7*f**2 + 10*f**2. Let j be u(4). What is the highest common divisor of 17 and j?
17
Suppose 42*b - 78 = 16*b. Suppose -193 = -4*s - 2*z + 75, -b*s + 2*z = -187. What is the greatest common divisor of 13 and s?
13
Suppose 0 = 17*s - 49437 - 3297. Calculate the greatest common divisor of s and 132.
66
Let x(l) = -4*l**3 + 4*l**2 - 5*l + 7. Let y be 2 + 0 + -5 + 2 + 4. Let j be x(y). Let k = 136 + j. Calculate the greatest common factor of k and 24.
8
Suppose 6*f = -12*f + 4086. Suppose -5*j - o = -f, -3*j - 3*o + 83 = -58. Calculate the greatest common factor of 18 and j.
9
Let o(m) = -m**3 - 2*m**2 - 2*m. Let r be o(-2). Let y be 19/7*20 - r/14. Let n = y - -18. What is the greatest common factor of 8 and n?
8
Suppose -1635 - 5380 - 2505 = -17*b. What is the highest common factor of b and 315?
35
Suppose -632 = 22*i - 24*i. Let o be i + (2 + 3/(-2))*8. Suppose j = -2*j + 4*r + 116, -3*j + 115 = -5*r. Calculate the greatest common divisor of o and j.
40
Let x(a) be the second derivative of -4*a**3/3 + 35*a**2/2 + 179*a. Let c be x(0). Let q be ((-10)/(-8))/(2/8). What is the highest common divisor of q and c?
5
Let o = -26 + 33. Suppose -2 + 16 = -o*b. Let f be 9/((-2)/b) + -4. Calculate the greatest common divisor of f and 45.
5
Let c be 2 + (-5)/(15/(-42)). Suppose 0 = -5*p + u + 16, 4*p = 3*p + 5*u + 8. Suppose -2*f + 400 = p*f. What is the greatest common divisor of c and f?
16
Let n be 3 + (2060 - -7) - 16/(-5 + -3). Calculate the highest common divisor of n and 448.
56
Suppose 5*d - 2*d - 586 = 2*k, -182 = -d + 4*k. Suppose -5*a + 15317 = 13997. Calculate the highest common divisor of d and a.
66
Let z(j) = -3*j - 2. Let m be z(-3). Suppose 2*o = 12, -255*s = -259*s - 6*o + 64. What is the highest common divisor of s and m?
7
Suppose 0 = 4*t + 8*t - 24. Suppose t*k + 13 = 17. Suppose 3*u + 2*w = 10, k*u + 10 = u - 4*w. Calculate the greatest common factor of u and 24.
6
Let m(x) = -x**3 - 11*x**2 + 20*x - 1. Let a be m(-13). Let r = -77 + a. Let l be -10*(54/(-15) + r). What is the greatest common factor of 9 and l?
9
Suppose -2493 = 8*z - 17*z. Suppose c = 5*b + 50 + z, 5*b = 20. Suppose 0 = -4*m - 23 + c. Calculate the greatest common factor of m and 9.
9
Let t be 201/(-1*(1 - 4)). What is the greatest common divisor of t and 2747?
67
Suppose 141 = 5*z + 4*b + 5, -5*z - 5*b = -140. Suppose -z = -8*i + 6*i. Let v = -1597 - -1705. What is the greatest common divisor of v and i?
12
Let o(j) = 20*j - 600. Let b be o(30). Suppose 3*q - 2*z - 52 = b, 4*q + 30*z - 76 = 34*z. Let n = 207 + -137. Calculate the highest common divisor of n and q.
14
Let j = -2865 - -3385. Calculate the highest common divisor of j and 50.
10
Let q(o) = -4 + 27*o**2 - 31*o**3 - 10 + 91*o + 1 + 63*o**3 - 31*o**3. Let t be q(-23). What is the greatest common divisor of 65 and t?
5
Let h be (254 - -14)/((2 + -1)*-2). Let n = h - -197. What is the highest common factor of 9 and n?
9
Let s be 11544/28 + (-22)/77. Suppose -163 = -5*p + s. Calculate the greatest common factor of p and 10.
5
Let g(b) be the first derivative of -1/3*b**3 + 5*b**2 + 17 + 19*b. Let s be g(9). Calculate the highest common factor of 84 and s.
28
Let j = 1376 - -17024. What is the highest common divisor of j and 115?
115
Let y = -11872 - -11879. Calculate the greatest common factor of 2968 and y.
7
Let a be 23170/630 + -30 + (-4)/(-18) + 0. Suppose 6*u + n = 3*u + 1869, 0 = -3*u - 3*n + 1869. Calculate the greatest common factor of a and u.
7
Suppose 43567 = 85*k - 15423. What is the greatest common factor of 2 and k?
2
Let b(h) be the first derivative of 10*h**3/3 - 15*h**2/2 - 21*h - 315. Let y be b(-3). Calculate the highest common divisor of y and 38.
38
Let r be (-2040)/(-1275)*(-15)/(-4)*74. What is the highest common factor of 333 and r?
111
Let v be -256 - (4 - (7 + -4)). Let g = v - -312. Calculate the highest common factor of g and 935.
55
Suppose 4*t - 23 = -3*a - 840, 4*t + 2*a + 818 = 0. Let d = t - -211. What is the highest common factor of 21 and d?
3
Let w = 171 + -90. Suppose -2*y + 14 + 0 = -5*n, -4*y + 28 = -5*n. Let d be 1/(6/3)*378/y. What is the highest common divisor of d and w?
27
Let m be -2*((-99)/(3861/364) - (-2)/(-12)). Let a = 370 - -67. Calculate the greatest common divisor of m and a.
19
Suppose 4*n - 7*q + 8*q = 1336, -3*n - q + 1003 = 0. Let s = n - 303. Calculate the greatest common divisor of 90 and s.
30
Let i be (2 + (12/8 - 3))*50. Suppose -13*k - 4*o + 62 = -12*k, 3*o + 91 = 2*k. Calculate the highest common factor of i and k.
25
Let t(h) = 2*h**2 + 42*h + 171. Let f be t(-4). Calculate the highest common factor of 3199 and f.
7
Suppose 3*r - 4*w = r - 826, w + 1607 = -4*r. Let p = r + 707. Calculate the highest common divisor of p and 38.
38
Let k = 530 + 1697. What is the highest common factor of k and 1048?
131
Let h be (-305 - (1 + -4))/(8/(-4)). Suppose -3*v + 4*v - 2*w = 143, v - 4*w = h. Calculate the highest common factor of v and 225.
45
Let q be -3 + 3 + 27 + -2. Let i = 4 + -6. Let o(f) = -8*f - 11. Let r be o(i). Calculate the highest common factor of r and q.
5
Let w(i) = 6 + 0*i - 1 + i + 4. Let m be w(-7). Suppose 90 = 52*t - 34*t. Calculate the highest common factor of t and m.
1
Let p = 273 + -158. Suppose 4*t + p = -69. Let n = t - -47. Calculate the highest common factor of n and 1.
1
Suppose 0 = 8*q - 37 - 483. Let d = 42 - q. Let z be (-2 + d)*((-8)/(-5))/(-2). Calculate the greatest common divisor of z and 80.
20
Suppose -2*a + a = -39. Let z(y) = -y**3 - 10*y**2 - 15*y + 5. Let u be z(-8). Let b be (-23)/(-2)*2 - u. What is the greatest comm